{"id":5285,"date":"2026-05-07T11:59:11","date_gmt":"2026-05-07T09:59:11","guid":{"rendered":"https:\/\/ideal-shopping.fr\/?post_type=product&#038;p=5285"},"modified":"2026-05-07T11:59:11","modified_gmt":"2026-05-07T09:59:11","slug":"robe-nea","status":"publish","type":"product","link":"https:\/\/ideal-shopping.fr\/?product=robe-nea","title":{"rendered":"Robe Nea"},"content":{"rendered":"<p>Robe mi-longue \u00e0 d\u00e9collet\u00e9 en V en jersey c\u00f4tel\u00e9.<\/p>\n<div class=\"free_desc\">\n<p>D\u00e9collet\u00e9 en V.<br \/>\nFermeture boutonn\u00e9e devant le long du corps.<br \/>\nManches courtes.<\/p>\n<\/div>\n<p class=\"composition\">99% Coton 1% \u00c9lasthanne<\/p>\n","protected":false},"excerpt":{"rendered":"<p>Robe mi-longue \u00e0 d\u00e9collet\u00e9 en V en jersey c\u00f4tel\u00e9. D\u00e9collet\u00e9 en V. Fermeture boutonn\u00e9e devant le long du corps. Manches courtes. 99% Coton 1% \u00c9lasthanne<\/p>\n","protected":false},"featured_media":5288,"template":"","meta":[],"product_brand":[],"product_cat":[15],"product_tag":[],"class_list":{"0":"post-5285","1":"product","2":"type-product","3":"status-publish","4":"has-post-thumbnail","6":"product_cat-non-classe","7":"pa_marque-sessun","9":"first","10":"instock","11":"shipping-taxable","12":"purchasable","13":"product-type-variable"},"jetpack_sharing_enabled":true,"_links":{"self":[{"href":"https:\/\/ideal-shopping.fr\/index.php?rest_route=\/wp\/v2\/product\/5285","targetHints":{"allow":["GET"]}}],"collection":[{"href":"https:\/\/ideal-shopping.fr\/index.php?rest_route=\/wp\/v2\/product"}],"about":[{"href":"https:\/\/ideal-shopping.fr\/index.php?rest_route=\/wp\/v2\/types\/product"}],"wp:featuredmedia":[{"embeddable":true,"href":"https:\/\/ideal-shopping.fr\/index.php?rest_route=\/wp\/v2\/media\/5288"}],"wp:attachment":[{"href":"https:\/\/ideal-shopping.fr\/index.php?rest_route=%2Fwp%2Fv2%2Fmedia&parent=5285"}],"wp:term":[{"taxonomy":"product_brand","embeddable":true,"href":"https:\/\/ideal-shopping.fr\/index.php?rest_route=%2Fwp%2Fv2%2Fproduct_brand&post=5285"},{"taxonomy":"product_cat","embeddable":true,"href":"https:\/\/ideal-shopping.fr\/index.php?rest_route=%2Fwp%2Fv2%2Fproduct_cat&post=5285"},{"taxonomy":"product_tag","embeddable":true,"href":"https:\/\/ideal-shopping.fr\/index.php?rest_route=%2Fwp%2Fv2%2Fproduct_tag&post=5285"}],"curies":[{"name":"wp","href":"https:\/\/api.w.org\/{rel}","templated":true}]}}