{"id":5269,"date":"2026-05-07T11:37:21","date_gmt":"2026-05-07T09:37:21","guid":{"rendered":"https:\/\/ideal-shopping.fr\/?post_type=product&#038;p=5269"},"modified":"2026-05-07T11:39:17","modified_gmt":"2026-05-07T09:39:17","slug":"pantalon-manhatti","status":"publish","type":"product","link":"https:\/\/ideal-shopping.fr\/?product=pantalon-manhatti","title":{"rendered":"Pantalon Manhatti"},"content":{"rendered":"<p>Pantalon droit ample, taille haute, en twill mono stretch tiss\u00e9 en Bulgarie, \u00e0 fines rayures exclusives Sess\u00f9n.<\/p>\n<p>Le polyester utilis\u00e9 en compl\u00e9ment de la viscose pour la confection de ce produit est recycl\u00e9 et labellis\u00e9 GRS, cela permet de r\u00e9duire son impact environnemental et de s&rsquo;int\u00e9grer dans une d\u00e9marche plus large de pr\u00e9servation des ressources.<br \/>\nCe produit est compos\u00e9 de viscose issue de sources de bois renouvelables g\u00e9r\u00e9es durablement.<\/p>\n<div class=\"free_desc\">\n<p>Taille haute.<br \/>\nFermeture \u00e0 glissi\u00e8re cach\u00e9e et bouton \u00e0 la ceinture.<br \/>\nPoches plaqu\u00e9es devant et dos avec double surpiq\u00fbres.<\/p>\n<\/div>\n<p class=\"composition\">64% Polyester 33% Viscose 3% \u00c9lasthanne<\/p>\n","protected":false},"excerpt":{"rendered":"<p>Pantalon droit ample, taille haute, en twill mono stretch tiss\u00e9 en Bulgarie, \u00e0 fines rayures exclusives Sess\u00f9n. Le polyester utilis\u00e9 en compl\u00e9ment de la viscose pour la confection de ce produit est recycl\u00e9 et labellis\u00e9 GRS, cela permet de r\u00e9duire son impact environnemental et de s&rsquo;int\u00e9grer dans une d\u00e9marche plus large de pr\u00e9servation des ressources.&hellip;<\/p>\n","protected":false},"featured_media":5271,"template":"","meta":[],"product_brand":[],"product_cat":[15],"product_tag":[],"class_list":{"0":"post-5269","1":"product","2":"type-product","3":"status-publish","4":"has-post-thumbnail","6":"product_cat-non-classe","7":"pa_marque-sessun","9":"first","10":"instock","11":"shipping-taxable","12":"purchasable","13":"product-type-variable"},"jetpack_sharing_enabled":true,"_links":{"self":[{"href":"https:\/\/ideal-shopping.fr\/index.php?rest_route=\/wp\/v2\/product\/5269","targetHints":{"allow":["GET"]}}],"collection":[{"href":"https:\/\/ideal-shopping.fr\/index.php?rest_route=\/wp\/v2\/product"}],"about":[{"href":"https:\/\/ideal-shopping.fr\/index.php?rest_route=\/wp\/v2\/types\/product"}],"wp:featuredmedia":[{"embeddable":true,"href":"https:\/\/ideal-shopping.fr\/index.php?rest_route=\/wp\/v2\/media\/5271"}],"wp:attachment":[{"href":"https:\/\/ideal-shopping.fr\/index.php?rest_route=%2Fwp%2Fv2%2Fmedia&parent=5269"}],"wp:term":[{"taxonomy":"product_brand","embeddable":true,"href":"https:\/\/ideal-shopping.fr\/index.php?rest_route=%2Fwp%2Fv2%2Fproduct_brand&post=5269"},{"taxonomy":"product_cat","embeddable":true,"href":"https:\/\/ideal-shopping.fr\/index.php?rest_route=%2Fwp%2Fv2%2Fproduct_cat&post=5269"},{"taxonomy":"product_tag","embeddable":true,"href":"https:\/\/ideal-shopping.fr\/index.php?rest_route=%2Fwp%2Fv2%2Fproduct_tag&post=5269"}],"curies":[{"name":"wp","href":"https:\/\/api.w.org\/{rel}","templated":true}]}}