{"id":5195,"date":"2026-03-25T16:26:24","date_gmt":"2026-03-25T15:26:24","guid":{"rendered":"https:\/\/ideal-shopping.fr\/?post_type=product&#038;p=5195"},"modified":"2026-03-25T16:26:24","modified_gmt":"2026-03-25T15:26:24","slug":"chemise-en-coton-bleu-clair-a-fleurs-brodees-vertes-et-orange","status":"publish","type":"product","link":"https:\/\/ideal-shopping.fr\/?product=chemise-en-coton-bleu-clair-a-fleurs-brodees-vertes-et-orange","title":{"rendered":"Chemise en coton bleu clair \u00e0 fleurs brod\u00e9es vertes et orange"},"content":{"rendered":"<p>Ajoutez une touche d&rsquo;\u00e9l\u00e9gance \u00e0 votre garde-robe avec cette chemise en 100 % coton, con\u00e7ue dans une coupe d\u00e9contract\u00e9e. Elle pr\u00e9sente une emmanchure basse et un ourlet arrondi avec pan plus long au dos. La fermeture par boutonnage assure une allure classique, tandis que les broderies de fleurs orn\u00e9es de paillettes, de perles et de strass rehaussent le design avec un \u00e9clat subtil.<\/p>\n<ul>\n<li>100 % coton<\/li>\n<\/ul>\n","protected":false},"excerpt":{"rendered":"<p>Ajoutez une touche d&rsquo;\u00e9l\u00e9gance \u00e0 votre garde-robe avec cette chemise en 100 % coton, con\u00e7ue dans une coupe d\u00e9contract\u00e9e. Elle pr\u00e9sente une emmanchure basse et un ourlet arrondi avec pan plus long au dos. La fermeture par boutonnage assure une allure classique, tandis que les broderies de fleurs orn\u00e9es de paillettes, de perles et de&hellip;<\/p>\n","protected":false},"featured_media":5198,"template":"","meta":[],"product_brand":[],"product_cat":[15],"product_tag":[],"class_list":{"0":"post-5195","1":"product","2":"type-product","3":"status-publish","4":"has-post-thumbnail","6":"product_cat-non-classe","7":"pa_marque-essentiel","9":"first","10":"instock","11":"shipping-taxable","12":"purchasable","13":"product-type-variable"},"jetpack_sharing_enabled":true,"_links":{"self":[{"href":"https:\/\/ideal-shopping.fr\/index.php?rest_route=\/wp\/v2\/product\/5195","targetHints":{"allow":["GET"]}}],"collection":[{"href":"https:\/\/ideal-shopping.fr\/index.php?rest_route=\/wp\/v2\/product"}],"about":[{"href":"https:\/\/ideal-shopping.fr\/index.php?rest_route=\/wp\/v2\/types\/product"}],"wp:featuredmedia":[{"embeddable":true,"href":"https:\/\/ideal-shopping.fr\/index.php?rest_route=\/wp\/v2\/media\/5198"}],"wp:attachment":[{"href":"https:\/\/ideal-shopping.fr\/index.php?rest_route=%2Fwp%2Fv2%2Fmedia&parent=5195"}],"wp:term":[{"taxonomy":"product_brand","embeddable":true,"href":"https:\/\/ideal-shopping.fr\/index.php?rest_route=%2Fwp%2Fv2%2Fproduct_brand&post=5195"},{"taxonomy":"product_cat","embeddable":true,"href":"https:\/\/ideal-shopping.fr\/index.php?rest_route=%2Fwp%2Fv2%2Fproduct_cat&post=5195"},{"taxonomy":"product_tag","embeddable":true,"href":"https:\/\/ideal-shopping.fr\/index.php?rest_route=%2Fwp%2Fv2%2Fproduct_tag&post=5195"}],"curies":[{"name":"wp","href":"https:\/\/api.w.org\/{rel}","templated":true}]}}