{"id":5067,"date":"2026-02-24T10:45:49","date_gmt":"2026-02-24T09:45:49","guid":{"rendered":"https:\/\/ideal-shopping.fr\/?post_type=product&#038;p=5067"},"modified":"2026-02-24T10:45:49","modified_gmt":"2026-02-24T09:45:49","slug":"chemise-clarence","status":"publish","type":"product","link":"https:\/\/ideal-shopping.fr\/?product=chemise-clarence","title":{"rendered":"Chemise Clarence"},"content":{"rendered":"<p>Chemise ray\u00e9e \u00e0 broderie FIVE<\/p>\n<ul>\n<li>Chemise \u00e0 manches longues 100% coton<\/li>\n<li>Coupe droite<\/li>\n<li>Col souple<\/li>\n<li>Fermeture boutonn\u00e9e<\/li>\n<li>Dot\u00e9e d&rsquo;une poche poitrine d\u00e9cor\u00e9 de broderies<\/li>\n<li>100% COTON<\/li>\n<\/ul>\n","protected":false},"excerpt":{"rendered":"<p>Chemise ray\u00e9e \u00e0 broderie FIVE Chemise \u00e0 manches longues 100% coton Coupe droite Col souple Fermeture boutonn\u00e9e Dot\u00e9e d&rsquo;une poche poitrine d\u00e9cor\u00e9 de broderies 100% COTON<\/p>\n","protected":false},"featured_media":5070,"template":"","meta":[],"product_brand":[],"product_cat":[15],"product_tag":[],"class_list":{"0":"post-5067","1":"product","2":"type-product","3":"status-publish","4":"has-post-thumbnail","6":"product_cat-non-classe","7":"pa_marque-five","9":"first","10":"instock","11":"shipping-taxable","12":"purchasable","13":"product-type-variable"},"jetpack_sharing_enabled":true,"_links":{"self":[{"href":"https:\/\/ideal-shopping.fr\/index.php?rest_route=\/wp\/v2\/product\/5067","targetHints":{"allow":["GET"]}}],"collection":[{"href":"https:\/\/ideal-shopping.fr\/index.php?rest_route=\/wp\/v2\/product"}],"about":[{"href":"https:\/\/ideal-shopping.fr\/index.php?rest_route=\/wp\/v2\/types\/product"}],"wp:featuredmedia":[{"embeddable":true,"href":"https:\/\/ideal-shopping.fr\/index.php?rest_route=\/wp\/v2\/media\/5070"}],"wp:attachment":[{"href":"https:\/\/ideal-shopping.fr\/index.php?rest_route=%2Fwp%2Fv2%2Fmedia&parent=5067"}],"wp:term":[{"taxonomy":"product_brand","embeddable":true,"href":"https:\/\/ideal-shopping.fr\/index.php?rest_route=%2Fwp%2Fv2%2Fproduct_brand&post=5067"},{"taxonomy":"product_cat","embeddable":true,"href":"https:\/\/ideal-shopping.fr\/index.php?rest_route=%2Fwp%2Fv2%2Fproduct_cat&post=5067"},{"taxonomy":"product_tag","embeddable":true,"href":"https:\/\/ideal-shopping.fr\/index.php?rest_route=%2Fwp%2Fv2%2Fproduct_tag&post=5067"}],"curies":[{"name":"wp","href":"https:\/\/api.w.org\/{rel}","templated":true}]}}