{"id":5011,"date":"2026-02-19T16:39:55","date_gmt":"2026-02-19T15:39:55","guid":{"rendered":"https:\/\/ideal-shopping.fr\/?post_type=product&#038;p=5011"},"modified":"2026-02-19T16:39:55","modified_gmt":"2026-02-19T15:39:55","slug":"top-asymetrique-a-paillettes-et-noeud-orange","status":"publish","type":"product","link":"https:\/\/ideal-shopping.fr\/?product=top-asymetrique-a-paillettes-et-noeud-orange","title":{"rendered":"Top asym\u00e9trique \u00e0 paillettes et n\u0153ud orange"},"content":{"rendered":"<div class=\"GeneralInfo_block__ribts\">\n<div class=\"GeneralInfo_description__GyKC5\">\n<p>Haut sans manches qui pr\u00e9sente une coupe d\u00e9contract\u00e9e. Son encolure asym\u00e9trique est accentu\u00e9e par un ruban \u00e0 nouer en un n\u0153ud f\u00e9minin, tandis que les ornements de paillettes apportent texture et mouvement. L&rsquo;ourlet inf\u00e9rieur est r\u00e9alis\u00e9 en smocks pour cr\u00e9er du volume et assurer un bon maintien. Il est enti\u00e8rement doubl\u00e9 pour un toucher doux.<\/p>\n<p>&nbsp;<\/p>\n<ul>\n<li>Tissu non extensible au grammage l\u00e9ger<\/li>\n<li>Mod\u00e8le qui se porte d\u00e9contract\u00e9<\/li>\n<li>Asym\u00e9trique<\/li>\n<li>Ruban \u00e0 nouer au niveau du cou<\/li>\n<li>Bas en smocks<\/li>\n<li>Ornements \u00e0 paillettes<\/li>\n<li>Avec doublure<\/li>\n<li>Orange<\/li>\n<\/ul>\n<p>&nbsp;<\/p>\n<\/div>\n<\/div>\n<div class=\"GeneralInfo_block__ribts\">\n<div class=\"GeneralInfo_title__BKPWX\" role=\"heading\" aria-level=\"1\">Tissu<\/div>\n<div class=\"GeneralInfo_composition__QcwFZ\">\n<p>100% Polyester<br \/>\nDoublure: 100% Polyester<\/p>\n<\/div>\n<\/div>\n","protected":false},"excerpt":{"rendered":"<p>Haut sans manches qui pr\u00e9sente une coupe d\u00e9contract\u00e9e. Son encolure asym\u00e9trique est accentu\u00e9e par un ruban \u00e0 nouer en un n\u0153ud f\u00e9minin, tandis que les ornements de paillettes apportent texture et mouvement. L&rsquo;ourlet inf\u00e9rieur est r\u00e9alis\u00e9 en smocks pour cr\u00e9er du volume et assurer un bon maintien. Il est enti\u00e8rement doubl\u00e9 pour un toucher doux.&hellip;<\/p>\n","protected":false},"featured_media":5013,"template":"","meta":[],"product_brand":[],"product_cat":[15],"product_tag":[],"class_list":{"0":"post-5011","1":"product","2":"type-product","3":"status-publish","4":"has-post-thumbnail","6":"product_cat-non-classe","7":"pa_marque-essentiel","9":"first","10":"instock","11":"shipping-taxable","12":"purchasable","13":"product-type-variable"},"jetpack_sharing_enabled":true,"_links":{"self":[{"href":"https:\/\/ideal-shopping.fr\/index.php?rest_route=\/wp\/v2\/product\/5011","targetHints":{"allow":["GET"]}}],"collection":[{"href":"https:\/\/ideal-shopping.fr\/index.php?rest_route=\/wp\/v2\/product"}],"about":[{"href":"https:\/\/ideal-shopping.fr\/index.php?rest_route=\/wp\/v2\/types\/product"}],"wp:featuredmedia":[{"embeddable":true,"href":"https:\/\/ideal-shopping.fr\/index.php?rest_route=\/wp\/v2\/media\/5013"}],"wp:attachment":[{"href":"https:\/\/ideal-shopping.fr\/index.php?rest_route=%2Fwp%2Fv2%2Fmedia&parent=5011"}],"wp:term":[{"taxonomy":"product_brand","embeddable":true,"href":"https:\/\/ideal-shopping.fr\/index.php?rest_route=%2Fwp%2Fv2%2Fproduct_brand&post=5011"},{"taxonomy":"product_cat","embeddable":true,"href":"https:\/\/ideal-shopping.fr\/index.php?rest_route=%2Fwp%2Fv2%2Fproduct_cat&post=5011"},{"taxonomy":"product_tag","embeddable":true,"href":"https:\/\/ideal-shopping.fr\/index.php?rest_route=%2Fwp%2Fv2%2Fproduct_tag&post=5011"}],"curies":[{"name":"wp","href":"https:\/\/api.w.org\/{rel}","templated":true}]}}