{"id":4973,"date":"2026-02-19T16:06:16","date_gmt":"2026-02-19T15:06:16","guid":{"rendered":"https:\/\/ideal-shopping.fr\/?post_type=product&#038;p=4973"},"modified":"2026-02-19T16:06:16","modified_gmt":"2026-02-19T15:06:16","slug":"chemise-blanche-a-pointes-de-col-allongees-et-boutons-depareilles","status":"publish","type":"product","link":"https:\/\/ideal-shopping.fr\/?product=chemise-blanche-a-pointes-de-col-allongees-et-boutons-depareilles","title":{"rendered":"Chemise blanche \u00e0 pointes de col allong\u00e9es et boutons d\u00e9pareill\u00e9s"},"content":{"rendered":"<div class=\"GeneralInfo_block__ribts\">\n<div class=\"GeneralInfo_description__GyKC5\">\n<p>Confectionn\u00e9e en 100 % coton, cette chemise pr\u00e9sente une coupe oversize confortable. Les pointes de col allong\u00e9es peuvent \u00eatre attach\u00e9es en un n\u0153ud pour cr\u00e9er un d\u00e9tail de style alternatif. L&#8217;emmanchure basse renforce la silhouette confortable, tandis que la fermeture par boutonnage se compose de boutons d\u00e9pareill\u00e9s cr\u00e9ant un subtil contraste inattendu.<\/p>\n<p>&nbsp;<\/p>\n<ul>\n<li>100 % coton<\/li>\n<li>Tissu non extensible au grammage moyen<\/li>\n<li>Mod\u00e8le qui se porte d\u00e9contract\u00e9<\/li>\n<li>Pointes de col allong\u00e9es<\/li>\n<li>Emmanchure basse<\/li>\n<li>Fermeture par boutonnage<\/li>\n<li>Diff\u00e9rents boutons<\/li>\n<li>Blanc<\/li>\n<\/ul>\n<p>&nbsp;<\/p>\n<\/div>\n<\/div>\n<div class=\"GeneralInfo_block__ribts\">\n<div class=\"GeneralInfo_title__BKPWX\" role=\"heading\" aria-level=\"1\">Tissu<\/div>\n<div class=\"GeneralInfo_composition__QcwFZ\">\n<p>100% Coton<\/p>\n<\/div>\n<\/div>\n","protected":false},"excerpt":{"rendered":"<p>Confectionn\u00e9e en 100 % coton, cette chemise pr\u00e9sente une coupe oversize confortable. Les pointes de col allong\u00e9es peuvent \u00eatre attach\u00e9es en un n\u0153ud pour cr\u00e9er un d\u00e9tail de style alternatif. L&#8217;emmanchure basse renforce la silhouette confortable, tandis que la fermeture par boutonnage se compose de boutons d\u00e9pareill\u00e9s cr\u00e9ant un subtil contraste inattendu. &nbsp; 100 %&hellip;<\/p>\n","protected":false},"featured_media":4977,"template":"","meta":[],"product_brand":[],"product_cat":[15],"product_tag":[],"class_list":{"0":"post-4973","1":"product","2":"type-product","3":"status-publish","4":"has-post-thumbnail","6":"product_cat-non-classe","7":"pa_marque-essentiel","9":"first","10":"instock","11":"shipping-taxable","12":"purchasable","13":"product-type-variable"},"jetpack_sharing_enabled":true,"_links":{"self":[{"href":"https:\/\/ideal-shopping.fr\/index.php?rest_route=\/wp\/v2\/product\/4973","targetHints":{"allow":["GET"]}}],"collection":[{"href":"https:\/\/ideal-shopping.fr\/index.php?rest_route=\/wp\/v2\/product"}],"about":[{"href":"https:\/\/ideal-shopping.fr\/index.php?rest_route=\/wp\/v2\/types\/product"}],"wp:featuredmedia":[{"embeddable":true,"href":"https:\/\/ideal-shopping.fr\/index.php?rest_route=\/wp\/v2\/media\/4977"}],"wp:attachment":[{"href":"https:\/\/ideal-shopping.fr\/index.php?rest_route=%2Fwp%2Fv2%2Fmedia&parent=4973"}],"wp:term":[{"taxonomy":"product_brand","embeddable":true,"href":"https:\/\/ideal-shopping.fr\/index.php?rest_route=%2Fwp%2Fv2%2Fproduct_brand&post=4973"},{"taxonomy":"product_cat","embeddable":true,"href":"https:\/\/ideal-shopping.fr\/index.php?rest_route=%2Fwp%2Fv2%2Fproduct_cat&post=4973"},{"taxonomy":"product_tag","embeddable":true,"href":"https:\/\/ideal-shopping.fr\/index.php?rest_route=%2Fwp%2Fv2%2Fproduct_tag&post=4973"}],"curies":[{"name":"wp","href":"https:\/\/api.w.org\/{rel}","templated":true}]}}