{"id":4713,"date":"2025-10-01T17:08:22","date_gmt":"2025-10-01T15:08:22","guid":{"rendered":"https:\/\/ideal-shopping.fr\/?post_type=product&#038;p=4713"},"modified":"2025-12-12T15:40:19","modified_gmt":"2025-12-12T14:40:19","slug":"veste-vikelo-diega","status":"publish","type":"product","link":"https:\/\/ideal-shopping.fr\/?product=veste-vikelo-diega","title":{"rendered":"VESTE VIKELO Diega"},"content":{"rendered":"<p>Veste tailleur longue \u00a0\u00e0 poches passepoil\u00e9es. Fermeture \u00e0 un bouton, col tailleur.<\/p>\n<p>96% Coton 4% Polyester<\/p>\n","protected":false},"excerpt":{"rendered":"<p>Veste tailleur longue \u00a0\u00e0 poches passepoil\u00e9es. Fermeture \u00e0 un bouton, col tailleur. 96% Coton 4% Polyester<\/p>\n","protected":false},"featured_media":4717,"template":"","meta":[],"product_brand":[],"product_cat":[15],"product_tag":[],"class_list":{"0":"post-4713","1":"product","2":"type-product","3":"status-publish","4":"has-post-thumbnail","6":"product_cat-non-classe","7":"pa_marque-diega","9":"first","10":"instock","11":"sale","12":"shipping-taxable","13":"purchasable","14":"product-type-variable"},"jetpack_sharing_enabled":true,"_links":{"self":[{"href":"https:\/\/ideal-shopping.fr\/index.php?rest_route=\/wp\/v2\/product\/4713","targetHints":{"allow":["GET"]}}],"collection":[{"href":"https:\/\/ideal-shopping.fr\/index.php?rest_route=\/wp\/v2\/product"}],"about":[{"href":"https:\/\/ideal-shopping.fr\/index.php?rest_route=\/wp\/v2\/types\/product"}],"wp:featuredmedia":[{"embeddable":true,"href":"https:\/\/ideal-shopping.fr\/index.php?rest_route=\/wp\/v2\/media\/4717"}],"wp:attachment":[{"href":"https:\/\/ideal-shopping.fr\/index.php?rest_route=%2Fwp%2Fv2%2Fmedia&parent=4713"}],"wp:term":[{"taxonomy":"product_brand","embeddable":true,"href":"https:\/\/ideal-shopping.fr\/index.php?rest_route=%2Fwp%2Fv2%2Fproduct_brand&post=4713"},{"taxonomy":"product_cat","embeddable":true,"href":"https:\/\/ideal-shopping.fr\/index.php?rest_route=%2Fwp%2Fv2%2Fproduct_cat&post=4713"},{"taxonomy":"product_tag","embeddable":true,"href":"https:\/\/ideal-shopping.fr\/index.php?rest_route=%2Fwp%2Fv2%2Fproduct_tag&post=4713"}],"curies":[{"name":"wp","href":"https:\/\/api.w.org\/{rel}","templated":true}]}}