{"id":4654,"date":"2025-09-19T11:21:28","date_gmt":"2025-09-19T09:21:28","guid":{"rendered":"https:\/\/ideal-shopping.fr\/?post_type=product&#038;p=4654"},"modified":"2025-09-19T11:21:28","modified_gmt":"2025-09-19T09:21:28","slug":"jean-skinny-avec-revers","status":"publish","type":"product","link":"https:\/\/ideal-shopping.fr\/?product=jean-skinny-avec-revers","title":{"rendered":"Jean skinny avec revers"},"content":{"rendered":"<ul>\n<li>Jean cropped en toile denim de coton stretch<\/li>\n<li>Coupes bottom up qui red\u00e9finissent les formes avec \u00e9l\u00e9gance, apportant harmonie et maintien sans devoir renoncer au confort<\/li>\n<li>Taille r\u00e9guli\u00e8re<\/li>\n<li>Jambe skinny<\/li>\n<li>Mod\u00e8le cinq poches<\/li>\n<li>Revers bas de jambe<\/li>\n<li>Logo en m\u00e9tal dans le dos<\/li>\n<li>Fermeture par boutons bijoux<\/li>\n<li>Tissu externe: 96% Coton, 4% Elasthanne| Doublure: 65% Polyester, 35% Coton\n<p>LAVAGE: Laver max 30\u00b0C<\/li>\n<\/ul>\n","protected":false},"excerpt":{"rendered":"<p>Jean cropped en toile denim de coton stretch Coupes bottom up qui red\u00e9finissent les formes avec \u00e9l\u00e9gance, apportant harmonie et maintien sans devoir renoncer au confort Taille r\u00e9guli\u00e8re Jambe skinny Mod\u00e8le cinq poches Revers bas de jambe Logo en m\u00e9tal dans le dos Fermeture par boutons bijoux Tissu externe: 96% Coton, 4% Elasthanne| Doublure: 65%&hellip;<\/p>\n","protected":false},"featured_media":4656,"template":"","meta":[],"product_brand":[],"product_cat":[15],"product_tag":[],"class_list":{"0":"post-4654","1":"product","2":"type-product","3":"status-publish","4":"has-post-thumbnail","6":"product_cat-non-classe","7":"pa_marque-liu-jo","9":"first","10":"instock","11":"shipping-taxable","12":"purchasable","13":"product-type-variable"},"jetpack_sharing_enabled":true,"_links":{"self":[{"href":"https:\/\/ideal-shopping.fr\/index.php?rest_route=\/wp\/v2\/product\/4654","targetHints":{"allow":["GET"]}}],"collection":[{"href":"https:\/\/ideal-shopping.fr\/index.php?rest_route=\/wp\/v2\/product"}],"about":[{"href":"https:\/\/ideal-shopping.fr\/index.php?rest_route=\/wp\/v2\/types\/product"}],"wp:featuredmedia":[{"embeddable":true,"href":"https:\/\/ideal-shopping.fr\/index.php?rest_route=\/wp\/v2\/media\/4656"}],"wp:attachment":[{"href":"https:\/\/ideal-shopping.fr\/index.php?rest_route=%2Fwp%2Fv2%2Fmedia&parent=4654"}],"wp:term":[{"taxonomy":"product_brand","embeddable":true,"href":"https:\/\/ideal-shopping.fr\/index.php?rest_route=%2Fwp%2Fv2%2Fproduct_brand&post=4654"},{"taxonomy":"product_cat","embeddable":true,"href":"https:\/\/ideal-shopping.fr\/index.php?rest_route=%2Fwp%2Fv2%2Fproduct_cat&post=4654"},{"taxonomy":"product_tag","embeddable":true,"href":"https:\/\/ideal-shopping.fr\/index.php?rest_route=%2Fwp%2Fv2%2Fproduct_tag&post=4654"}],"curies":[{"name":"wp","href":"https:\/\/api.w.org\/{rel}","templated":true}]}}