{"id":4418,"date":"2025-09-12T11:11:38","date_gmt":"2025-09-12T09:11:38","guid":{"rendered":"https:\/\/ideal-shopping.fr\/?post_type=product&#038;p=4418"},"modified":"2026-01-29T11:33:00","modified_gmt":"2026-01-29T10:33:00","slug":"pantalon-lourdes-worker","status":"publish","type":"product","link":"https:\/\/ideal-shopping.fr\/?product=pantalon-lourdes-worker","title":{"rendered":"Pantalon Lourdes Worker"},"content":{"rendered":"<ul>\n<li>Pantalon femme taille standard en velours (ref: 597)<\/li>\n<li>Fermeture avec un bouton de marque FIVE et un zip cach\u00e9 sous le rabat<\/li>\n<li>Ceinture avec passants<\/li>\n<li>Poches plaqu\u00e9es sur le devant<\/li>\n<li>\u00c9tiquette \u00e0 l&rsquo;arri\u00e8re avec le logo FIVE<\/li>\n<li>98% COTON 2% ELASTHANE<\/li>\n<\/ul>\n","protected":false},"excerpt":{"rendered":"<p>Pantalon femme taille standard en velours (ref: 597) Fermeture avec un bouton de marque FIVE et un zip cach\u00e9 sous le rabat Ceinture avec passants Poches plaqu\u00e9es sur le devant \u00c9tiquette \u00e0 l&rsquo;arri\u00e8re avec le logo FIVE 98% COTON 2% ELASTHANE<\/p>\n","protected":false},"featured_media":4420,"template":"","meta":[],"product_brand":[],"product_cat":[15],"product_tag":[],"class_list":{"0":"post-4418","1":"product","2":"type-product","3":"status-publish","4":"has-post-thumbnail","6":"product_cat-non-classe","7":"pa_marque-five","9":"first","10":"instock","11":"sale","12":"shipping-taxable","13":"purchasable","14":"product-type-variable"},"jetpack_sharing_enabled":true,"_links":{"self":[{"href":"https:\/\/ideal-shopping.fr\/index.php?rest_route=\/wp\/v2\/product\/4418","targetHints":{"allow":["GET"]}}],"collection":[{"href":"https:\/\/ideal-shopping.fr\/index.php?rest_route=\/wp\/v2\/product"}],"about":[{"href":"https:\/\/ideal-shopping.fr\/index.php?rest_route=\/wp\/v2\/types\/product"}],"wp:featuredmedia":[{"embeddable":true,"href":"https:\/\/ideal-shopping.fr\/index.php?rest_route=\/wp\/v2\/media\/4420"}],"wp:attachment":[{"href":"https:\/\/ideal-shopping.fr\/index.php?rest_route=%2Fwp%2Fv2%2Fmedia&parent=4418"}],"wp:term":[{"taxonomy":"product_brand","embeddable":true,"href":"https:\/\/ideal-shopping.fr\/index.php?rest_route=%2Fwp%2Fv2%2Fproduct_brand&post=4418"},{"taxonomy":"product_cat","embeddable":true,"href":"https:\/\/ideal-shopping.fr\/index.php?rest_route=%2Fwp%2Fv2%2Fproduct_cat&post=4418"},{"taxonomy":"product_tag","embeddable":true,"href":"https:\/\/ideal-shopping.fr\/index.php?rest_route=%2Fwp%2Fv2%2Fproduct_tag&post=4418"}],"curies":[{"name":"wp","href":"https:\/\/api.w.org\/{rel}","templated":true}]}}