{"id":3961,"date":"2025-03-27T17:17:27","date_gmt":"2025-03-27T16:17:27","guid":{"rendered":"https:\/\/ideal-shopping.fr\/?post_type=product&#038;p=3961"},"modified":"2025-06-21T16:26:08","modified_gmt":"2025-06-21T14:26:08","slug":"chemisier-margaret-maison-hotel","status":"publish","type":"product","link":"https:\/\/ideal-shopping.fr\/?product=chemisier-margaret-maison-hotel","title":{"rendered":"Chemisier Margaret Maison Hotel"},"content":{"rendered":"<p data-start=\"375\" data-end=\"638\" data-is-last-node=\"\" data-is-only-node=\"\"><span>cette blouse peut \u00eatre port\u00e9e ample pour une allure d\u00e9contract\u00e9e ou rentr\u00e9e dans un jean taille haute pour une silhouette plus soign\u00e9e. Associ\u00e9e ici au pantalon \u00e9cru Edna et \u00e0 la ceinture Devendra, elle incarne l&rsquo;\u00e9l\u00e9gance intemporelle avec un esprit boh\u00e8me moderne.<\/span><\/p>\n<p data-start=\"375\" data-end=\"638\" data-is-last-node=\"\" data-is-only-node=\"\"><span>&#8211; 100% coton.<\/span><br \/>\n<span>&#8211; Taille normalement &#8211; choisissez votre taille habituelle.<\/span><\/p>\n","protected":false},"excerpt":{"rendered":"<p>cette blouse peut \u00eatre port\u00e9e ample pour une allure d\u00e9contract\u00e9e ou rentr\u00e9e dans un jean taille haute pour une silhouette plus soign\u00e9e. Associ\u00e9e ici au pantalon \u00e9cru Edna et \u00e0 la ceinture Devendra, elle incarne l&rsquo;\u00e9l\u00e9gance intemporelle avec un esprit boh\u00e8me moderne. &#8211; 100% coton. &#8211; Taille normalement &#8211; choisissez votre taille habituelle.<\/p>\n","protected":false},"featured_media":3963,"template":"","meta":[],"product_brand":[],"product_cat":[15],"product_tag":[],"class_list":{"0":"post-3961","1":"product","2":"type-product","3":"status-publish","4":"has-post-thumbnail","6":"product_cat-non-classe","7":"pa_marque-maison-hotel","9":"first","10":"instock","11":"sale","12":"shipping-taxable","13":"purchasable","14":"product-type-variable"},"jetpack_sharing_enabled":true,"_links":{"self":[{"href":"https:\/\/ideal-shopping.fr\/index.php?rest_route=\/wp\/v2\/product\/3961","targetHints":{"allow":["GET"]}}],"collection":[{"href":"https:\/\/ideal-shopping.fr\/index.php?rest_route=\/wp\/v2\/product"}],"about":[{"href":"https:\/\/ideal-shopping.fr\/index.php?rest_route=\/wp\/v2\/types\/product"}],"wp:featuredmedia":[{"embeddable":true,"href":"https:\/\/ideal-shopping.fr\/index.php?rest_route=\/wp\/v2\/media\/3963"}],"wp:attachment":[{"href":"https:\/\/ideal-shopping.fr\/index.php?rest_route=%2Fwp%2Fv2%2Fmedia&parent=3961"}],"wp:term":[{"taxonomy":"product_brand","embeddable":true,"href":"https:\/\/ideal-shopping.fr\/index.php?rest_route=%2Fwp%2Fv2%2Fproduct_brand&post=3961"},{"taxonomy":"product_cat","embeddable":true,"href":"https:\/\/ideal-shopping.fr\/index.php?rest_route=%2Fwp%2Fv2%2Fproduct_cat&post=3961"},{"taxonomy":"product_tag","embeddable":true,"href":"https:\/\/ideal-shopping.fr\/index.php?rest_route=%2Fwp%2Fv2%2Fproduct_tag&post=3961"}],"curies":[{"name":"wp","href":"https:\/\/api.w.org\/{rel}","templated":true}]}}