{"id":3612,"date":"2025-03-06T17:54:20","date_gmt":"2025-03-06T16:54:20","guid":{"rendered":"https:\/\/ideal-shopping.fr\/?post_type=product&#038;p=3612"},"modified":"2025-06-21T18:18:57","modified_gmt":"2025-06-21T16:18:57","slug":"veste-caban-valio-diega","status":"publish","type":"product","link":"https:\/\/ideal-shopping.fr\/?product=veste-caban-valio-diega","title":{"rendered":"VESTE CABAN VALIO Diega"},"content":{"rendered":"<p>Manteau court avec col \u00e0 revers et manches longues. Poches passepoil\u00e9es sur le devant. Fermeture crois\u00e9e avec boutons sur le devant.<\/p>\n<p>61% coton 39% lin<\/p>\n","protected":false},"excerpt":{"rendered":"<p>Manteau court avec col \u00e0 revers et manches longues. Poches passepoil\u00e9es sur le devant. Fermeture crois\u00e9e avec boutons sur le devant. 61% coton 39% lin<\/p>\n","protected":false},"featured_media":3614,"template":"","meta":[],"product_brand":[],"product_cat":[15],"product_tag":[],"class_list":{"0":"post-3612","1":"product","2":"type-product","3":"status-publish","4":"has-post-thumbnail","6":"product_cat-non-classe","7":"pa_marque-diega","9":"first","10":"instock","11":"sale","12":"shipping-taxable","13":"purchasable","14":"product-type-variable"},"jetpack_sharing_enabled":true,"_links":{"self":[{"href":"https:\/\/ideal-shopping.fr\/index.php?rest_route=\/wp\/v2\/product\/3612","targetHints":{"allow":["GET"]}}],"collection":[{"href":"https:\/\/ideal-shopping.fr\/index.php?rest_route=\/wp\/v2\/product"}],"about":[{"href":"https:\/\/ideal-shopping.fr\/index.php?rest_route=\/wp\/v2\/types\/product"}],"wp:featuredmedia":[{"embeddable":true,"href":"https:\/\/ideal-shopping.fr\/index.php?rest_route=\/wp\/v2\/media\/3614"}],"wp:attachment":[{"href":"https:\/\/ideal-shopping.fr\/index.php?rest_route=%2Fwp%2Fv2%2Fmedia&parent=3612"}],"wp:term":[{"taxonomy":"product_brand","embeddable":true,"href":"https:\/\/ideal-shopping.fr\/index.php?rest_route=%2Fwp%2Fv2%2Fproduct_brand&post=3612"},{"taxonomy":"product_cat","embeddable":true,"href":"https:\/\/ideal-shopping.fr\/index.php?rest_route=%2Fwp%2Fv2%2Fproduct_cat&post=3612"},{"taxonomy":"product_tag","embeddable":true,"href":"https:\/\/ideal-shopping.fr\/index.php?rest_route=%2Fwp%2Fv2%2Fproduct_tag&post=3612"}],"curies":[{"name":"wp","href":"https:\/\/api.w.org\/{rel}","templated":true}]}}