{"id":3532,"date":"2025-03-04T18:37:32","date_gmt":"2025-03-04T17:37:32","guid":{"rendered":"https:\/\/ideal-shopping.fr\/?post_type=product&#038;p=3532"},"modified":"2025-06-21T18:23:28","modified_gmt":"2025-06-21T16:23:28","slug":"ceinture-agustina-yerba-mate","status":"publish","type":"product","link":"https:\/\/ideal-shopping.fr\/?product=ceinture-agustina-yerba-mate","title":{"rendered":"Ceinture Agustina &#8211; Yerba Mate"},"content":{"rendered":"<p>Fabriqu\u00e9e en cuir 100 % su\u00e9d\u00e9, la ceinture Agustina incarne une ambiance brute inspir\u00e9e d&rsquo;Inc. Un m\u00e9lange saisissant de d\u00e9tails noirs sur une base camel chaude, le tout maintenu par deux boucles en forme d&rsquo;\u00e9toile.<\/p>\n","protected":false},"excerpt":{"rendered":"<p>Fabriqu\u00e9e en cuir 100 % su\u00e9d\u00e9, la ceinture Agustina incarne une ambiance brute inspir\u00e9e d&rsquo;Inc. Un m\u00e9lange saisissant de d\u00e9tails noirs sur une base camel chaude, le tout maintenu par deux boucles en forme d&rsquo;\u00e9toile.<\/p>\n","protected":false},"featured_media":3534,"template":"","meta":[],"product_brand":[],"product_cat":[15],"product_tag":[],"class_list":{"0":"post-3532","1":"product","2":"type-product","3":"status-publish","4":"has-post-thumbnail","6":"product_cat-non-classe","7":"pa_marque-maison-hotel","9":"first","10":"instock","11":"sale","12":"shipping-taxable","13":"purchasable","14":"product-type-variable"},"jetpack_sharing_enabled":true,"_links":{"self":[{"href":"https:\/\/ideal-shopping.fr\/index.php?rest_route=\/wp\/v2\/product\/3532","targetHints":{"allow":["GET"]}}],"collection":[{"href":"https:\/\/ideal-shopping.fr\/index.php?rest_route=\/wp\/v2\/product"}],"about":[{"href":"https:\/\/ideal-shopping.fr\/index.php?rest_route=\/wp\/v2\/types\/product"}],"wp:featuredmedia":[{"embeddable":true,"href":"https:\/\/ideal-shopping.fr\/index.php?rest_route=\/wp\/v2\/media\/3534"}],"wp:attachment":[{"href":"https:\/\/ideal-shopping.fr\/index.php?rest_route=%2Fwp%2Fv2%2Fmedia&parent=3532"}],"wp:term":[{"taxonomy":"product_brand","embeddable":true,"href":"https:\/\/ideal-shopping.fr\/index.php?rest_route=%2Fwp%2Fv2%2Fproduct_brand&post=3532"},{"taxonomy":"product_cat","embeddable":true,"href":"https:\/\/ideal-shopping.fr\/index.php?rest_route=%2Fwp%2Fv2%2Fproduct_cat&post=3532"},{"taxonomy":"product_tag","embeddable":true,"href":"https:\/\/ideal-shopping.fr\/index.php?rest_route=%2Fwp%2Fv2%2Fproduct_tag&post=3532"}],"curies":[{"name":"wp","href":"https:\/\/api.w.org\/{rel}","templated":true}]}}