{"id":3115,"date":"2025-01-30T13:31:55","date_gmt":"2025-01-30T12:31:55","guid":{"rendered":"https:\/\/ideal-shopping.fr\/?post_type=product&#038;p=3115"},"modified":"2025-07-05T15:30:59","modified_gmt":"2025-07-05T13:30:59","slug":"leone-surchemise-veste","status":"publish","type":"product","link":"https:\/\/ideal-shopping.fr\/?product=leone-surchemise-veste","title":{"rendered":"Leone surchemise\/veste"},"content":{"rendered":"<p>Surchemise \u00e0 manches ballon en denim fluide stonewash\u00e9, tiss\u00e9e<\/p>\n<div class=\"free_desc\">\n<p>Fermeture boutonn\u00e9e devant dont un bouton bijou au pied de col.<br \/>\nManches 3\/4.<br \/>\nPoches plaqu\u00e9es devant.<br \/>\nSurpiq\u00fbres contrast\u00e9es.<br \/>\nD\u00e9tails d&#8217;empi\u00e8cements surpiqu\u00e9s devant, dos et bas de manches.<br \/>\nD\u00e9tails de plis en bas de manches.<\/p>\n<\/div>\n<p class=\"composition\">100% Lyocell<\/p>\n","protected":false},"excerpt":{"rendered":"<p>Surchemise \u00e0 manches ballon en denim fluide stonewash\u00e9, tiss\u00e9e Fermeture boutonn\u00e9e devant dont un bouton bijou au pied de col. Manches 3\/4. Poches plaqu\u00e9es devant. Surpiq\u00fbres contrast\u00e9es. D\u00e9tails d&#8217;empi\u00e8cements surpiqu\u00e9s devant, dos et bas de manches. D\u00e9tails de plis en bas de manches. 100% Lyocell<\/p>\n","protected":false},"featured_media":3120,"template":"","meta":[],"product_brand":[],"product_cat":[15],"product_tag":[],"class_list":{"0":"post-3115","1":"product","2":"type-product","3":"status-publish","4":"has-post-thumbnail","6":"product_cat-non-classe","7":"pa_marque-sessun","9":"first","10":"instock","11":"shipping-taxable","12":"purchasable","13":"product-type-variable"},"jetpack_sharing_enabled":true,"_links":{"self":[{"href":"https:\/\/ideal-shopping.fr\/index.php?rest_route=\/wp\/v2\/product\/3115","targetHints":{"allow":["GET"]}}],"collection":[{"href":"https:\/\/ideal-shopping.fr\/index.php?rest_route=\/wp\/v2\/product"}],"about":[{"href":"https:\/\/ideal-shopping.fr\/index.php?rest_route=\/wp\/v2\/types\/product"}],"wp:featuredmedia":[{"embeddable":true,"href":"https:\/\/ideal-shopping.fr\/index.php?rest_route=\/wp\/v2\/media\/3120"}],"wp:attachment":[{"href":"https:\/\/ideal-shopping.fr\/index.php?rest_route=%2Fwp%2Fv2%2Fmedia&parent=3115"}],"wp:term":[{"taxonomy":"product_brand","embeddable":true,"href":"https:\/\/ideal-shopping.fr\/index.php?rest_route=%2Fwp%2Fv2%2Fproduct_brand&post=3115"},{"taxonomy":"product_cat","embeddable":true,"href":"https:\/\/ideal-shopping.fr\/index.php?rest_route=%2Fwp%2Fv2%2Fproduct_cat&post=3115"},{"taxonomy":"product_tag","embeddable":true,"href":"https:\/\/ideal-shopping.fr\/index.php?rest_route=%2Fwp%2Fv2%2Fproduct_tag&post=3115"}],"curies":[{"name":"wp","href":"https:\/\/api.w.org\/{rel}","templated":true}]}}