{"id":3106,"date":"2025-01-30T12:16:58","date_gmt":"2025-01-30T11:16:58","guid":{"rendered":"https:\/\/ideal-shopping.fr\/?post_type=product&#038;p=3106"},"modified":"2026-01-10T17:50:54","modified_gmt":"2026-01-10T16:50:54","slug":"chemise-orregia","status":"publish","type":"product","link":"https:\/\/ideal-shopping.fr\/?product=chemise-orregia","title":{"rendered":"Chemise Orregia"},"content":{"rendered":"<p>Chemise courte \u00e0 poches passepoil\u00e9es en percale de Lyocell \u00e0 rayures contrast\u00e9es avec travail d&rsquo;armure, tiss\u00e9e en Italie.<\/p>\n<p>Ce produit est compos\u00e9 de TENCEL\u2122 Lyocell, fibres issues de sources de bois renouvelables certifi\u00e9es g\u00e9r\u00e9es durablement et utilisant un proc\u00e9d\u00e9 limitant la pollution et les rejets toxiques.<br \/>\nTENCEL\u2122 est une marque d\u00e9pos\u00e9e de Lenzing AG.<\/p>\n<div class=\"free_desc\">\n<p>Col rond.<br \/>\nFermeture boutonn\u00e9e devant dont un bouton bijou au pied de col.<br \/>\nManches longues et emmanchures basses.<br \/>\nPoches poitrine passepoil\u00e9es avec pattes boutonn\u00e9es.<br \/>\nD\u00e9tails de surpiq\u00fbres contrast\u00e9es.<\/p>\n<\/div>\n<p class=\"composition\">89% Lyocell 11% Polyamide<\/p>\n","protected":false},"excerpt":{"rendered":"<p>Chemise courte \u00e0 poches passepoil\u00e9es en percale de Lyocell \u00e0 rayures contrast\u00e9es avec travail d&rsquo;armure, tiss\u00e9e en Italie. Ce produit est compos\u00e9 de TENCEL\u2122 Lyocell, fibres issues de sources de bois renouvelables certifi\u00e9es g\u00e9r\u00e9es durablement et utilisant un proc\u00e9d\u00e9 limitant la pollution et les rejets toxiques. TENCEL\u2122 est une marque d\u00e9pos\u00e9e de Lenzing AG. Col&hellip;<\/p>\n","protected":false},"featured_media":3111,"template":"","meta":[],"product_brand":[],"product_cat":[15],"product_tag":[],"class_list":{"0":"post-3106","1":"product","2":"type-product","3":"status-publish","4":"has-post-thumbnail","6":"product_cat-non-classe","7":"pa_marque-sessun","9":"first","10":"instock","11":"sale","12":"shipping-taxable","13":"purchasable","14":"product-type-variable"},"jetpack_sharing_enabled":true,"_links":{"self":[{"href":"https:\/\/ideal-shopping.fr\/index.php?rest_route=\/wp\/v2\/product\/3106","targetHints":{"allow":["GET"]}}],"collection":[{"href":"https:\/\/ideal-shopping.fr\/index.php?rest_route=\/wp\/v2\/product"}],"about":[{"href":"https:\/\/ideal-shopping.fr\/index.php?rest_route=\/wp\/v2\/types\/product"}],"wp:featuredmedia":[{"embeddable":true,"href":"https:\/\/ideal-shopping.fr\/index.php?rest_route=\/wp\/v2\/media\/3111"}],"wp:attachment":[{"href":"https:\/\/ideal-shopping.fr\/index.php?rest_route=%2Fwp%2Fv2%2Fmedia&parent=3106"}],"wp:term":[{"taxonomy":"product_brand","embeddable":true,"href":"https:\/\/ideal-shopping.fr\/index.php?rest_route=%2Fwp%2Fv2%2Fproduct_brand&post=3106"},{"taxonomy":"product_cat","embeddable":true,"href":"https:\/\/ideal-shopping.fr\/index.php?rest_route=%2Fwp%2Fv2%2Fproduct_cat&post=3106"},{"taxonomy":"product_tag","embeddable":true,"href":"https:\/\/ideal-shopping.fr\/index.php?rest_route=%2Fwp%2Fv2%2Fproduct_tag&post=3106"}],"curies":[{"name":"wp","href":"https:\/\/api.w.org\/{rel}","templated":true}]}}