{"id":3101,"date":"2025-01-30T11:58:40","date_gmt":"2025-01-30T10:58:40","guid":{"rendered":"https:\/\/ideal-shopping.fr\/?post_type=product&#038;p=3101"},"modified":"2026-02-12T12:10:38","modified_gmt":"2026-02-12T11:10:38","slug":"trench-sessun-trenchliss","status":"publish","type":"product","link":"https:\/\/ideal-shopping.fr\/?product=trench-sessun-trenchliss","title":{"rendered":"Trench Sessun Trenchliss"},"content":{"rendered":"<p>Trench-coat \u00e0 bavolet au dos, d\u00e9tails de pattes et de fermoirs m\u00e9talliques en gabardine serr\u00e9e et l\u00e9g\u00e8re de coton organique et polyester recycl\u00e9.<br \/>\nCeinture amovible dans la mati\u00e8re.<\/p>\n<div class=\"free_desc\">\n<p>Grand col rabattu.<br \/>\nFermeture boutonn\u00e9e cach\u00e9e devant dont un fermoir m\u00e9tallique au col.<br \/>\nBavolet au dos \u00e0 fermoir m\u00e9tallique.<br \/>\nD\u00e9tails de pattes boutonn\u00e9es surpiqu\u00e9es aux poignets et sur les c\u00f4t\u00e9s.<br \/>\nCeinture amovible dans la mati\u00e8re.<br \/>\nMod\u00e8le doubl\u00e9.<\/p>\n<\/div>\n<p class=\"composition\">75% Coton 25% Polyester<\/p>\n","protected":false},"excerpt":{"rendered":"<p>Trench-coat \u00e0 bavolet au dos, d\u00e9tails de pattes et de fermoirs m\u00e9talliques en gabardine serr\u00e9e et l\u00e9g\u00e8re de coton organique et polyester recycl\u00e9. Ceinture amovible dans la mati\u00e8re. Grand col rabattu. Fermeture boutonn\u00e9e cach\u00e9e devant dont un fermoir m\u00e9tallique au col. Bavolet au dos \u00e0 fermoir m\u00e9tallique. D\u00e9tails de pattes boutonn\u00e9es surpiqu\u00e9es aux poignets et&hellip;<\/p>\n","protected":false},"featured_media":4868,"template":"","meta":[],"product_brand":[],"product_cat":[15],"product_tag":[],"class_list":{"0":"post-3101","1":"product","2":"type-product","3":"status-publish","4":"has-post-thumbnail","6":"product_cat-non-classe","7":"pa_marque-sessun","9":"first","10":"instock","11":"shipping-taxable","12":"purchasable","13":"product-type-variable"},"jetpack_sharing_enabled":true,"_links":{"self":[{"href":"https:\/\/ideal-shopping.fr\/index.php?rest_route=\/wp\/v2\/product\/3101","targetHints":{"allow":["GET"]}}],"collection":[{"href":"https:\/\/ideal-shopping.fr\/index.php?rest_route=\/wp\/v2\/product"}],"about":[{"href":"https:\/\/ideal-shopping.fr\/index.php?rest_route=\/wp\/v2\/types\/product"}],"wp:featuredmedia":[{"embeddable":true,"href":"https:\/\/ideal-shopping.fr\/index.php?rest_route=\/wp\/v2\/media\/4868"}],"wp:attachment":[{"href":"https:\/\/ideal-shopping.fr\/index.php?rest_route=%2Fwp%2Fv2%2Fmedia&parent=3101"}],"wp:term":[{"taxonomy":"product_brand","embeddable":true,"href":"https:\/\/ideal-shopping.fr\/index.php?rest_route=%2Fwp%2Fv2%2Fproduct_brand&post=3101"},{"taxonomy":"product_cat","embeddable":true,"href":"https:\/\/ideal-shopping.fr\/index.php?rest_route=%2Fwp%2Fv2%2Fproduct_cat&post=3101"},{"taxonomy":"product_tag","embeddable":true,"href":"https:\/\/ideal-shopping.fr\/index.php?rest_route=%2Fwp%2Fv2%2Fproduct_tag&post=3101"}],"curies":[{"name":"wp","href":"https:\/\/api.w.org\/{rel}","templated":true}]}}