{"id":2583,"date":"2024-12-06T13:39:43","date_gmt":"2024-12-06T12:39:43","guid":{"rendered":"https:\/\/ideal-shopping.fr\/?post_type=product&#038;p=2583"},"modified":"2024-12-06T13:48:16","modified_gmt":"2024-12-06T12:48:16","slug":"porte-portable-evalio-noir","status":"publish","type":"product","link":"https:\/\/ideal-shopping.fr\/?product=porte-portable-evalio-noir","title":{"rendered":"Porte Portable Evalio noir"},"content":{"rendered":"<p>Porte portable en cuir de vache et rabat en cuir de vache su\u00e9d\u00e9, anse corde tress\u00e9e.<\/p>\n<ul>\n<li>Compartiment central avec 4 fentes pour cartes<\/li>\n<li>Longueur totale bandouli\u00e8re : 105 cm<\/li>\n<li>Fermeture par un aimant magn\u00e9tique<\/li>\n<li>M\u00e9tallerie finition dor\u00e9e vieillie<\/li>\n<li>Doublure en coton<\/li>\n<li>Livr\u00e9 avec son pochon de protection en coton<\/li>\n<li>Logo emboss\u00e9 \u00e0 chaud sur le rabat<\/li>\n<li>Compatible avec un t\u00e9l\u00e9phone de 6,5 pouces<\/li>\n<li>Dimensions : 13 x 17,5 x 2,5 cm<\/li>\n<li>Poids : 250 g<\/li>\n<\/ul>\n","protected":false},"excerpt":{"rendered":"<p>Porte portable en cuir de vache et rabat en cuir de vache su\u00e9d\u00e9, anse corde tress\u00e9e. Compartiment central avec 4 fentes pour cartes Longueur totale bandouli\u00e8re : 105 cm Fermeture par un aimant magn\u00e9tique M\u00e9tallerie finition dor\u00e9e vieillie Doublure en coton Livr\u00e9 avec son pochon de protection en coton Logo emboss\u00e9 \u00e0 chaud sur le&hellip;<\/p>\n","protected":false},"featured_media":2585,"template":"","meta":[],"product_brand":[],"product_cat":[15],"product_tag":[],"class_list":{"0":"post-2583","1":"product","2":"type-product","3":"status-publish","4":"has-post-thumbnail","6":"product_cat-non-classe","7":"pa_marque-sessun","9":"first","10":"instock","11":"shipping-taxable","12":"purchasable","13":"product-type-simple"},"jetpack_sharing_enabled":true,"_links":{"self":[{"href":"https:\/\/ideal-shopping.fr\/index.php?rest_route=\/wp\/v2\/product\/2583","targetHints":{"allow":["GET"]}}],"collection":[{"href":"https:\/\/ideal-shopping.fr\/index.php?rest_route=\/wp\/v2\/product"}],"about":[{"href":"https:\/\/ideal-shopping.fr\/index.php?rest_route=\/wp\/v2\/types\/product"}],"wp:featuredmedia":[{"embeddable":true,"href":"https:\/\/ideal-shopping.fr\/index.php?rest_route=\/wp\/v2\/media\/2585"}],"wp:attachment":[{"href":"https:\/\/ideal-shopping.fr\/index.php?rest_route=%2Fwp%2Fv2%2Fmedia&parent=2583"}],"wp:term":[{"taxonomy":"product_brand","embeddable":true,"href":"https:\/\/ideal-shopping.fr\/index.php?rest_route=%2Fwp%2Fv2%2Fproduct_brand&post=2583"},{"taxonomy":"product_cat","embeddable":true,"href":"https:\/\/ideal-shopping.fr\/index.php?rest_route=%2Fwp%2Fv2%2Fproduct_cat&post=2583"},{"taxonomy":"product_tag","embeddable":true,"href":"https:\/\/ideal-shopping.fr\/index.php?rest_route=%2Fwp%2Fv2%2Fproduct_tag&post=2583"}],"curies":[{"name":"wp","href":"https:\/\/api.w.org\/{rel}","templated":true}]}}