{"id":2513,"date":"2024-12-05T13:47:57","date_gmt":"2024-12-05T12:47:57","guid":{"rendered":"https:\/\/ideal-shopping.fr\/?post_type=product&#038;p=2513"},"modified":"2025-01-30T18:19:28","modified_gmt":"2025-01-30T17:19:28","slug":"cardigan-mos-mosh-en-tricot-a-col-en-v-mmthora","status":"publish","type":"product","link":"https:\/\/ideal-shopping.fr\/?product=cardigan-mos-mosh-en-tricot-a-col-en-v-mmthora","title":{"rendered":"Cardigan Mos Mosh en tricot \u00e0 col en V MMThora"},"content":{"rendered":"<p>Un cardigan en tricot est indispensable. Ce cardigan est polyvalent, con\u00e7u dans une forme l\u00e9g\u00e8rement courte avec un d\u00e9collet\u00e9 en V flatteur. Il est confectionn\u00e9 dans un m\u00e9lange doux et l\u00e9ger de laine d&rsquo;alpaga et est parfait avec tout, du jean au short ou superpos\u00e9 sur une robe.<\/p>\n<p>33% Alpaga<br \/>\n33% Laine<br \/>\n29% Polyamide<br \/>\n5% \u00c9lasthanne<\/p>\n<p>Couleur:Anthracite<\/p>\n","protected":false},"excerpt":{"rendered":"<p>Un cardigan en tricot est indispensable. Ce cardigan est polyvalent, con\u00e7u dans une forme l\u00e9g\u00e8rement courte avec un d\u00e9collet\u00e9 en V flatteur. Il est confectionn\u00e9 dans un m\u00e9lange doux et l\u00e9ger de laine d&rsquo;alpaga et est parfait avec tout, du jean au short ou superpos\u00e9 sur une robe. 33% Alpaga 33% Laine 29% Polyamide 5%&hellip;<\/p>\n","protected":false},"featured_media":2618,"template":"","meta":[],"product_brand":[],"product_cat":[15],"product_tag":[],"class_list":{"0":"post-2513","1":"product","2":"type-product","3":"status-publish","4":"has-post-thumbnail","6":"product_cat-non-classe","7":"pa_marque-mosmosh","9":"first","10":"instock","11":"shipping-taxable","12":"purchasable","13":"product-type-variable"},"jetpack_sharing_enabled":true,"_links":{"self":[{"href":"https:\/\/ideal-shopping.fr\/index.php?rest_route=\/wp\/v2\/product\/2513","targetHints":{"allow":["GET"]}}],"collection":[{"href":"https:\/\/ideal-shopping.fr\/index.php?rest_route=\/wp\/v2\/product"}],"about":[{"href":"https:\/\/ideal-shopping.fr\/index.php?rest_route=\/wp\/v2\/types\/product"}],"wp:featuredmedia":[{"embeddable":true,"href":"https:\/\/ideal-shopping.fr\/index.php?rest_route=\/wp\/v2\/media\/2618"}],"wp:attachment":[{"href":"https:\/\/ideal-shopping.fr\/index.php?rest_route=%2Fwp%2Fv2%2Fmedia&parent=2513"}],"wp:term":[{"taxonomy":"product_brand","embeddable":true,"href":"https:\/\/ideal-shopping.fr\/index.php?rest_route=%2Fwp%2Fv2%2Fproduct_brand&post=2513"},{"taxonomy":"product_cat","embeddable":true,"href":"https:\/\/ideal-shopping.fr\/index.php?rest_route=%2Fwp%2Fv2%2Fproduct_cat&post=2513"},{"taxonomy":"product_tag","embeddable":true,"href":"https:\/\/ideal-shopping.fr\/index.php?rest_route=%2Fwp%2Fv2%2Fproduct_tag&post=2513"}],"curies":[{"name":"wp","href":"https:\/\/api.w.org\/{rel}","templated":true}]}}