{"id":2486,"date":"2024-12-05T13:08:41","date_gmt":"2024-12-05T12:08:41","guid":{"rendered":"https:\/\/ideal-shopping.fr\/?post_type=product&#038;p=2486"},"modified":"2024-12-20T18:35:58","modified_gmt":"2024-12-20T17:35:58","slug":"jean-mos-mosh-ashley-deluxe-noir","status":"publish","type":"product","link":"https:\/\/ideal-shopping.fr\/?product=jean-mos-mosh-ashley-deluxe-noir","title":{"rendered":"Jean Mos Mosh  Deluxe noir"},"content":{"rendered":"<p>Jean \u00e9vas\u00e9 chic, con\u00e7u avec une taille haute flatteuse et fabriqu\u00e9 \u00e0 partir d\u2019un m\u00e9lange luxueux de viscose, de coton et de lyocell pour une finition extr\u00eamement douce. Fini avec un design intemporel \u00e0 cinq poches et des coutures contrastantes frappantes sur le denim couleur Dark fonc\u00e9 ,<\/p>\n<p>Associez-le \u00e0 un t-shirt tendance et \u00e0 un blazer oversize.<\/p>\n<p>43 % Viscose LENZING\u2122 ECOVERO\u2122<br \/>\n33 % Coton<br \/>\n17 % Lyocell<br \/>\n5 % Polyester<br \/>\n2 % \u00c9lasthanne<\/p>\n","protected":false},"excerpt":{"rendered":"<p>Jean \u00e9vas\u00e9 chic, con\u00e7u avec une taille haute flatteuse et fabriqu\u00e9 \u00e0 partir d\u2019un m\u00e9lange luxueux de viscose, de coton et de lyocell pour une finition extr\u00eamement douce. Fini avec un design intemporel \u00e0 cinq poches et des coutures contrastantes frappantes sur le denim couleur Dark fonc\u00e9 , Associez-le \u00e0 un t-shirt tendance et \u00e0&hellip;<\/p>\n","protected":false},"featured_media":2488,"template":"","meta":[],"product_brand":[],"product_cat":[15],"product_tag":[],"class_list":{"0":"post-2486","1":"product","2":"type-product","3":"status-publish","4":"has-post-thumbnail","6":"product_cat-non-classe","7":"pa_marque-mosmosh","9":"first","10":"instock","11":"shipping-taxable","12":"purchasable","13":"product-type-variable"},"jetpack_sharing_enabled":true,"_links":{"self":[{"href":"https:\/\/ideal-shopping.fr\/index.php?rest_route=\/wp\/v2\/product\/2486","targetHints":{"allow":["GET"]}}],"collection":[{"href":"https:\/\/ideal-shopping.fr\/index.php?rest_route=\/wp\/v2\/product"}],"about":[{"href":"https:\/\/ideal-shopping.fr\/index.php?rest_route=\/wp\/v2\/types\/product"}],"wp:featuredmedia":[{"embeddable":true,"href":"https:\/\/ideal-shopping.fr\/index.php?rest_route=\/wp\/v2\/media\/2488"}],"wp:attachment":[{"href":"https:\/\/ideal-shopping.fr\/index.php?rest_route=%2Fwp%2Fv2%2Fmedia&parent=2486"}],"wp:term":[{"taxonomy":"product_brand","embeddable":true,"href":"https:\/\/ideal-shopping.fr\/index.php?rest_route=%2Fwp%2Fv2%2Fproduct_brand&post=2486"},{"taxonomy":"product_cat","embeddable":true,"href":"https:\/\/ideal-shopping.fr\/index.php?rest_route=%2Fwp%2Fv2%2Fproduct_cat&post=2486"},{"taxonomy":"product_tag","embeddable":true,"href":"https:\/\/ideal-shopping.fr\/index.php?rest_route=%2Fwp%2Fv2%2Fproduct_tag&post=2486"}],"curies":[{"name":"wp","href":"https:\/\/api.w.org\/{rel}","templated":true}]}}