{"id":2284,"date":"2024-12-02T16:21:07","date_gmt":"2024-12-02T15:21:07","guid":{"rendered":"https:\/\/ideal-shopping.fr\/?post_type=product&#038;p=2284"},"modified":"2025-04-18T11:08:18","modified_gmt":"2025-04-18T09:08:18","slug":"jean-five-lena-894","status":"publish","type":"product","link":"https:\/\/ideal-shopping.fr\/?product=jean-five-lena-894","title":{"rendered":"Jean Five LENA 894"},"content":{"rendered":"<ul>\n<li>Jeans taille standard<\/li>\n<li>Fermeture avec un bouton de marque FIVE et un zip cach\u00e9 sous le rabat<\/li>\n<li>Ceinture avec passants<\/li>\n<li>Ourlets effiloch\u00e9s<\/li>\n<li>\u00c9tiquette \u00e0 l&rsquo;arri\u00e8re avec le logo FIVE<\/li>\n<li>Longueur entrejambe : 72cm<\/li>\n<\/ul>\n","protected":false},"excerpt":{"rendered":"<p>Jeans taille standard Fermeture avec un bouton de marque FIVE et un zip cach\u00e9 sous le rabat Ceinture avec passants Ourlets effiloch\u00e9s \u00c9tiquette \u00e0 l&rsquo;arri\u00e8re avec le logo FIVE Longueur entrejambe : 72cm<\/p>\n","protected":false},"featured_media":2286,"template":"","meta":[],"product_brand":[],"product_cat":[15],"product_tag":[],"class_list":{"0":"post-2284","1":"product","2":"type-product","3":"status-publish","4":"has-post-thumbnail","6":"product_cat-non-classe","7":"pa_marque-five","9":"first","10":"instock","11":"shipping-taxable","12":"purchasable","13":"product-type-variable"},"jetpack_sharing_enabled":true,"_links":{"self":[{"href":"https:\/\/ideal-shopping.fr\/index.php?rest_route=\/wp\/v2\/product\/2284","targetHints":{"allow":["GET"]}}],"collection":[{"href":"https:\/\/ideal-shopping.fr\/index.php?rest_route=\/wp\/v2\/product"}],"about":[{"href":"https:\/\/ideal-shopping.fr\/index.php?rest_route=\/wp\/v2\/types\/product"}],"wp:featuredmedia":[{"embeddable":true,"href":"https:\/\/ideal-shopping.fr\/index.php?rest_route=\/wp\/v2\/media\/2286"}],"wp:attachment":[{"href":"https:\/\/ideal-shopping.fr\/index.php?rest_route=%2Fwp%2Fv2%2Fmedia&parent=2284"}],"wp:term":[{"taxonomy":"product_brand","embeddable":true,"href":"https:\/\/ideal-shopping.fr\/index.php?rest_route=%2Fwp%2Fv2%2Fproduct_brand&post=2284"},{"taxonomy":"product_cat","embeddable":true,"href":"https:\/\/ideal-shopping.fr\/index.php?rest_route=%2Fwp%2Fv2%2Fproduct_cat&post=2284"},{"taxonomy":"product_tag","embeddable":true,"href":"https:\/\/ideal-shopping.fr\/index.php?rest_route=%2Fwp%2Fv2%2Fproduct_tag&post=2284"}],"curies":[{"name":"wp","href":"https:\/\/api.w.org\/{rel}","templated":true}]}}