{"id":2243,"date":"2024-11-30T12:22:50","date_gmt":"2024-11-30T11:22:50","guid":{"rendered":"https:\/\/ideal-shopping.fr\/?post_type=product&#038;p=2243"},"modified":"2025-07-12T11:19:10","modified_gmt":"2025-07-12T09:19:10","slug":"chemise-sessun-botan-power","status":"publish","type":"product","link":"https:\/\/ideal-shopping.fr\/?product=chemise-sessun-botan-power","title":{"rendered":"Chemise Sessun BOTAN Power"},"content":{"rendered":"<p>Chemise \u00e0 emmanchures basses fronc\u00e9es en linon \u00e0 fines rayures contrast\u00e9es et travail d&rsquo;armure, tiss\u00e9 en Italie.<\/p>\n<div class=\"free_desc\">\n<p>Fermeture boutonn\u00e9e devant dont un bouton bijou au pied de col.<br \/>\nEmmanchures basses.<br \/>\nManches longues.<br \/>\nD\u00e9tails de fronces aux emmanchures et bas de manches.<\/p>\n<\/div>\n<p class=\"composition\">87% Viscose 13% Polyamide<\/p>\n","protected":false},"excerpt":{"rendered":"<p>Chemise \u00e0 emmanchures basses fronc\u00e9es en linon \u00e0 fines rayures contrast\u00e9es et travail d&rsquo;armure, tiss\u00e9 en Italie. Fermeture boutonn\u00e9e devant dont un bouton bijou au pied de col. Emmanchures basses. Manches longues. D\u00e9tails de fronces aux emmanchures et bas de manches. 87% Viscose 13% Polyamide<\/p>\n","protected":false},"featured_media":2246,"template":"","meta":[],"product_brand":[],"product_cat":[15],"product_tag":[],"class_list":{"0":"post-2243","1":"product","2":"type-product","3":"status-publish","4":"has-post-thumbnail","6":"product_cat-non-classe","7":"pa_marque-sessun","9":"first","10":"instock","11":"sale","12":"shipping-taxable","13":"purchasable","14":"product-type-variable"},"jetpack_sharing_enabled":true,"_links":{"self":[{"href":"https:\/\/ideal-shopping.fr\/index.php?rest_route=\/wp\/v2\/product\/2243","targetHints":{"allow":["GET"]}}],"collection":[{"href":"https:\/\/ideal-shopping.fr\/index.php?rest_route=\/wp\/v2\/product"}],"about":[{"href":"https:\/\/ideal-shopping.fr\/index.php?rest_route=\/wp\/v2\/types\/product"}],"wp:featuredmedia":[{"embeddable":true,"href":"https:\/\/ideal-shopping.fr\/index.php?rest_route=\/wp\/v2\/media\/2246"}],"wp:attachment":[{"href":"https:\/\/ideal-shopping.fr\/index.php?rest_route=%2Fwp%2Fv2%2Fmedia&parent=2243"}],"wp:term":[{"taxonomy":"product_brand","embeddable":true,"href":"https:\/\/ideal-shopping.fr\/index.php?rest_route=%2Fwp%2Fv2%2Fproduct_brand&post=2243"},{"taxonomy":"product_cat","embeddable":true,"href":"https:\/\/ideal-shopping.fr\/index.php?rest_route=%2Fwp%2Fv2%2Fproduct_cat&post=2243"},{"taxonomy":"product_tag","embeddable":true,"href":"https:\/\/ideal-shopping.fr\/index.php?rest_route=%2Fwp%2Fv2%2Fproduct_tag&post=2243"}],"curies":[{"name":"wp","href":"https:\/\/api.w.org\/{rel}","templated":true}]}}