{"id":2232,"date":"2024-11-30T11:50:53","date_gmt":"2024-11-30T10:50:53","guid":{"rendered":"https:\/\/ideal-shopping.fr\/?post_type=product&#038;p=2232"},"modified":"2026-01-15T17:38:15","modified_gmt":"2026-01-15T16:38:15","slug":"pantalon-sessun-velvet-cruise-nomad","status":"publish","type":"product","link":"https:\/\/ideal-shopping.fr\/?product=pantalon-sessun-velvet-cruise-nomad","title":{"rendered":"Pantalon Sessun Velvet Cruise Nomad"},"content":{"rendered":"<p>Pantalons droit taille haute. , 5 poches en velours c\u00f4tel\u00e9\u0301 mille raies, teinture pigmentaire.<\/p>\n<div class=\"free_desc\">\n<p>Fermeture \u00e0 glissi\u00e8re et bouton \u00e0 la ceinture.<br \/>\nPoches devant et poche ticket, poches plaqu\u00e9es au dos avec double surpiq\u00fbre.<\/p>\n<\/div>\n<p class=\"composition\">98% Coton 2% Elasthanne<\/p>\n<p class=\"country\">Made in Tunisia<\/p>\n","protected":false},"excerpt":{"rendered":"<p>Pantalons droit taille haute. , 5 poches en velours c\u00f4tel\u00e9\u0301 mille raies, teinture pigmentaire. Fermeture \u00e0 glissi\u00e8re et bouton \u00e0 la ceinture. Poches devant et poche ticket, poches plaqu\u00e9es au dos avec double surpiq\u00fbre. 98% Coton 2% Elasthanne Made in Tunisia<\/p>\n","protected":false},"featured_media":2233,"template":"","meta":[],"product_brand":[],"product_cat":[15],"product_tag":[],"class_list":{"0":"post-2232","1":"product","2":"type-product","3":"status-publish","4":"has-post-thumbnail","6":"product_cat-non-classe","7":"pa_marque-sessun","9":"first","10":"instock","11":"sale","12":"shipping-taxable","13":"purchasable","14":"product-type-variable"},"jetpack_sharing_enabled":true,"_links":{"self":[{"href":"https:\/\/ideal-shopping.fr\/index.php?rest_route=\/wp\/v2\/product\/2232","targetHints":{"allow":["GET"]}}],"collection":[{"href":"https:\/\/ideal-shopping.fr\/index.php?rest_route=\/wp\/v2\/product"}],"about":[{"href":"https:\/\/ideal-shopping.fr\/index.php?rest_route=\/wp\/v2\/types\/product"}],"wp:featuredmedia":[{"embeddable":true,"href":"https:\/\/ideal-shopping.fr\/index.php?rest_route=\/wp\/v2\/media\/2233"}],"wp:attachment":[{"href":"https:\/\/ideal-shopping.fr\/index.php?rest_route=%2Fwp%2Fv2%2Fmedia&parent=2232"}],"wp:term":[{"taxonomy":"product_brand","embeddable":true,"href":"https:\/\/ideal-shopping.fr\/index.php?rest_route=%2Fwp%2Fv2%2Fproduct_brand&post=2232"},{"taxonomy":"product_cat","embeddable":true,"href":"https:\/\/ideal-shopping.fr\/index.php?rest_route=%2Fwp%2Fv2%2Fproduct_cat&post=2232"},{"taxonomy":"product_tag","embeddable":true,"href":"https:\/\/ideal-shopping.fr\/index.php?rest_route=%2Fwp%2Fv2%2Fproduct_tag&post=2232"}],"curies":[{"name":"wp","href":"https:\/\/api.w.org\/{rel}","templated":true}]}}