{"id":1700,"date":"2024-10-18T16:06:10","date_gmt":"2024-10-18T14:06:10","guid":{"rendered":"http:\/\/193.70.113.66\/index.php\/produit\/a-essentiel-mini-robe-chemise-rayee-bleue-et-blanche-a-broderie-essentiel-1\/"},"modified":"2024-10-18T16:06:10","modified_gmt":"2024-10-18T14:06:10","slug":"a-essentiel-mini-robe-chemise-rayee-bleue-et-blanche-a-broderie-essentiel-1","status":"publish","type":"product","link":"https:\/\/ideal-shopping.fr\/?product=a-essentiel-mini-robe-chemise-rayee-bleue-et-blanche-a-broderie-essentiel-1","title":{"rendered":"A\/ESSENTIEL Mini robe chemise ray\u00e9e bleue et blanche \u00e0 broderie &#8211; ESSENTIEL-1"},"content":{"rendered":"<p>Confectionn\u00e9e en popeline de coton a\u00e9r\u00e9e et confortable, cette mini-robe chemise est orn\u00e9e de broderies de perles et de paillettes en forme de palmiers sur la poitrine. La silhouette oversize est rehauss\u00e9e par des manches volumineuses aux poignets \u00e9lastiques.<\/p>\n","protected":false},"excerpt":{"rendered":"<p>Confectionn\u00e9e en popeline de coton a\u00e9r\u00e9e et confortable, cette mini-robe chemise est orn\u00e9e de broderies de perles et de paillettes en forme de palmiers sur la poitrine. La silhouette oversize est rehauss\u00e9e par des manches volumineuses aux poignets \u00e9lastiques.<\/p>\n","protected":false},"featured_media":1696,"template":"","meta":[],"product_brand":[],"product_cat":[15],"product_tag":[],"class_list":{"0":"post-1700","1":"product","2":"type-product","3":"status-publish","4":"has-post-thumbnail","6":"product_cat-non-classe","7":"pa_marque-essentiel","9":"first","10":"instock","11":"shipping-taxable","12":"purchasable","13":"product-type-simple"},"jetpack_sharing_enabled":true,"_links":{"self":[{"href":"https:\/\/ideal-shopping.fr\/index.php?rest_route=\/wp\/v2\/product\/1700","targetHints":{"allow":["GET"]}}],"collection":[{"href":"https:\/\/ideal-shopping.fr\/index.php?rest_route=\/wp\/v2\/product"}],"about":[{"href":"https:\/\/ideal-shopping.fr\/index.php?rest_route=\/wp\/v2\/types\/product"}],"wp:featuredmedia":[{"embeddable":true,"href":"https:\/\/ideal-shopping.fr\/index.php?rest_route=\/wp\/v2\/media\/1696"}],"wp:attachment":[{"href":"https:\/\/ideal-shopping.fr\/index.php?rest_route=%2Fwp%2Fv2%2Fmedia&parent=1700"}],"wp:term":[{"taxonomy":"product_brand","embeddable":true,"href":"https:\/\/ideal-shopping.fr\/index.php?rest_route=%2Fwp%2Fv2%2Fproduct_brand&post=1700"},{"taxonomy":"product_cat","embeddable":true,"href":"https:\/\/ideal-shopping.fr\/index.php?rest_route=%2Fwp%2Fv2%2Fproduct_cat&post=1700"},{"taxonomy":"product_tag","embeddable":true,"href":"https:\/\/ideal-shopping.fr\/index.php?rest_route=%2Fwp%2Fv2%2Fproduct_tag&post=1700"}],"curies":[{"name":"wp","href":"https:\/\/api.w.org\/{rel}","templated":true}]}}

A/ESSENTIEL Mini robe chemise rayée bleue et blanche à broderie &#8211; ESSENTIEL-1

<p>Confectionnée en popeline de coton aérée et confortable, cette mini-robe chemise est ornée de broderies de perles et de paillettes en forme de palmiers sur la poitrine. La silhouette oversize est rehaussée par des manches volumineuses aux poignets élastiques.</p>
